
7, 11, 19, 14897
List the prime factors of 420296.
2, 107, 491
List the prime factors of 18337011.
3, 7, 11, 163, 487
What are the prime factors of 767548?
2, 311, 617
What are the prime factors of 33766?
2, 16883
List the prime factors of 158896.
2, 9931
What are the prime factors of 86293?
86293
What are the prime factors of 21873539?
21873539
List the prime factors of 17445989.
11, 167, 9497
What are the prime factors of 447884?
2, 41, 2731
List the prime factors of 540194.
2, 270097
List the prime factors of 2590293.
3, 71, 12161
What are the prime factors of 140634?
2, 3, 13, 601
List the prime factors of 942459.
3, 7, 44879
What are the prime factors of 578402?
2, 11, 61, 431
List the prime factors of 21678.
2, 3, 3613
What are the prime factors of 7385?
5, 7, 211
What are the prime factors of 185510?
2, 5, 13, 1427
What are the prime factors of 985301?
985301
List the prime factors of 704309.
704309
What are the prime factors of 4987873?
11, 599, 757
List the prime factors of 904922.
2, 53, 8537
What are the prime factors of 564640?
2, 5, 3529
List the prime factors of 15276089.
15276089
What are the prime factors of 552993?
3, 7, 17, 1549
List the prime factors of 160434.
2, 3, 2971
What are the prime factors of 166137?
3, 79, 701
List the prime factors of 16982047.
139, 122173
What are the prime factors of 1666486?
2, 41, 20323
List the prime factors of 1057093.
1057093
What are the prime factors of 5831808?
2, 3, 15187
List the prime factors of 1079961.
3, 359987
What are the prime factors of 7726598?
2, 11, 157, 2237
What are the prime factors of 1087299?
3, 120811
What are the prime factors of 460303?
293, 1571
What are the prime factors of 116374?
2, 31, 1877
List the prime factors of 1354368.
2, 3, 3527
What are the prime factors of 9313816?
2, 101, 11527
List the prime factors of 87290.
2, 5, 7, 29, 43
List the prime factors of 207659.
281, 739
What are the prime factors of 21241?
11, 1931
List the prime factors of 688624.
2, 193, 223
List the prime factors of 564288.
2, 3, 2939
What are the prime factors of 688444?
2, 109, 1579
What are the prime factors of 2674453?
2674453
List the prime factors of 16731214.
2, 43, 257, 757
What are the prime factors of 272335?
5, 7, 31, 251
What are the prime factors of 2218465?
5, 23, 101, 191
What are the prime factors of 2768099?
223, 12413
List the prime factors of 10583756.
2, 241, 10979
What are the prime factors of 5390637?
3, 7, 36671
List the prime factors of 14652306.
2, 3, 19, 14281
What are the prime factors of 3780?
2, 3, 5, 7
What are the prime factors of 669392?
2, 17, 23, 107
What are the prime factors of 522914?
2, 7, 41, 911
What are the prime factors of 10954651?
2383, 4597
List the prime factors of 455076.
2, 3, 12641
List the prime factors of 97131.
3, 32377
List the prime factors of 11833742.
2, 5916871
List the prime factors of 326104.
2, 40763
List the prime factors of 346166.
2, 73, 2371
List the prime factors of 269304.
2, 3, 7, 229
List the prime factors of 2307807.
3, 256423
List the prime factors of 1397297.
11, 59, 2153
List the prime factors of 3852711.
3, 31, 4603
What are the prime factors of 220064?
2, 13, 23
List the prime factors of 21593.
11, 13, 151
List the prime factors of 140871.
3, 46957
What are the prime factors of 793075?
5, 31723
What are the prime factors of 2581806?
2, 3, 43, 10007
List the prime factors of 554361.
3, 41, 4507
What are the prime factors of 94629?
3, 31543
List the prime factors of 1084992.
2, 3, 5651
What are the prime factors of 19437797?
19437797
What are the prime factors of 4361774?
2, 29, 157, 479
List the prime factors of 12809901.
3, 13, 503, 653
What are the prime factors of 8163898?
2, 4081949
List the prime factors of 1466999.
1466999
List the prime factors of 5053377.
3, 7, 331, 727
What are the prime factors of 26395982?
2, 13197991
What are the prime factors of 4609825?
5, 11, 16763
List the prime factors of 724360.
2, 5, 7, 13, 199
List the prime factors of 1764148.
2, 31, 41, 347
What are the prime factors of 1295753?
167, 7759
What are the prime factors of 58641?
3, 11, 1777
List the prime factors of 262712.
2, 32839
List the prime factors of 3965664.
2, 3, 101, 409
List the prime factors of 59090.
2, 5, 19, 311
List the prime factors of 5377226.
2, 761, 3533
What are the prime factors of 13146360?
2, 3, 5, 71, 1543
What are the prime factors of 114031?
114031
List the prime factors of 1776828.
2, 3, 263, 563
What are the prime factors of 3212602?
2, 439, 3659
List the prime factors of 4900792.
2, 13, 47123
List the prime factors of 9083659.
13, 67, 10429
What are the prime factors of 574097?
149, 3853
What are the prime factors of 3978768?
2, 3, 82891
List the prime factors of 189381.
3, 63127
What are the prime factors of 1599081?
3, 11, 47, 1031
List the prime factors of 4158201.
3, 757, 1831
What are the prime factors of 321951?
3, 7, 15331
List the prime factors of 18789294.
2, 3, 3131549
List the prime factors of 2601708.
2, 3, 19, 11411
What are the prime factors of 670579?
7, 13, 7369
List the prime factors of 226927.
149, 1523
List the prime factors of 150576.
2, 3, 3137
List the prime factors of 622201.
31, 20071
List the prime factors of 4630849.
4630849
What are the prime factors of 541082?
2, 19, 29, 491
What are the prime factors of 513844?
2, 128461
What are the prime factors of 1059983?
31, 1103
What are the prime factors of 3393352?
2, 424169
List the prime factors of 161136.
2, 3, 373
List the prime factors of 2373294.
2, 3, 7, 11, 467
List the prime factors of 133892.
2, 11, 17, 179
What are the prime factors of 5630585?
5, 89, 12653
What are the prime factors of 190941?
3, 63647
List the prime factors of 16067817.
3, 1785313
List the prime factors of 526718.
2, 19, 83, 167
What are the prime factors of 78714?
2, 3, 4373
List the prime factors of 40254488.
2, 5031811
What are the prime factors of 5677863?
3, 1892621
List the prime factors of 1884024.
2, 3, 137, 191
List the prime factors of 7099632.
2, 3, 47, 1049
What are the prime factors of 22792?
2, 7, 11, 37
What are the prime factors of 56725?
5, 2269
What are the prime factors of 17675756?
2, 7, 41, 89, 173
What are the prime factors of 22970?
2, 5, 2297
What are the prime factors of 151567?
13, 89, 131
List the prime factors of 1281413.
7, 183059
List the prime factors of 2657790.
2, 3, 5, 29531
List the prime factors of 339761.
339761
List the prime factors of 3025069.
3025069
List the prime factors of 1594161.
3, 19681
What are the prime factors of 1293663?
3, 7, 61603
What are the prime factors of 281457?
3, 11, 2843
List the prime factors of 7253792.
2, 7, 13, 47, 53
What are the prime factors of 2773021?
2773021
List the prime factors of 1848628.
2, 419, 1103
What are the prime factors of 99131?
99131
List the prime factors of 21119830.
2, 5, 19, 29, 3833
What are the prime factors of 11701?
11701
What are the prime factors of 1350842?
2, 89, 7589
What are the prime factors of 945410?
2, 5, 94541
What are the prime factors of 5786508?
2, 3, 7, 13, 757
What are the prime factors of 252851?
29, 8719
List the prime factors of 441468.
2, 3, 12263
List the prime factors of 191841.
3, 13, 4919
What are the prime factors of 10894410?
2, 3, 5, 19, 23, 277
List the prime factors of 657268.
2, 37, 4441
List the prime factors of 75108.
2, 3, 11, 569
List the prime factors of 577176.
2, 3, 24049
List the prime factors of 124225.
5, 4969
List the prime factors of 79771.
241, 331
What are the prime factors of 17947378?
2, 79, 113591
What are the prime factors of 88964?
2, 23, 967
List the prime factors of 149707.
23, 283
What are the prime factors of 964778?
2, 257, 1877
List the prime factors of 2649370.
2, 5, 23, 11519
What are the prime factors of 11863794?
2, 3, 599, 3301
What are the prime factors of 523880?
2, 5, 7, 1871
What are the prime factors of 98779?
98779
List the prime factors of 676524.
2, 3, 56377
What are the prime factors of 327861?
3, 12143
What are the prime factors of 397372?
2, 41, 2423
List the prime factors of 75771.
3, 8419
What are the prime factors of 205342?
2, 83, 1237
What are the prime factors of 21704603?
21704603
List the prime factors of 5237037.
3, 13, 17, 2633
List the prime factors of 281343.
3, 191, 4